and 55.
11
What is the greatest common factor of 27 and 81?
27
Calculate the highest common factor of 16 and 8048.
16
Calculate the greatest common divisor of 101 and 101.
101
What is the highest common divisor of 652 and 100?
4
Calculate the greatest common divisor of 396 and 36.
36
Calculate the highest common divisor of 126 and 14.
14
What is the highest common divisor of 140 and 145040?
140
Calculate the greatest common factor of 70 and 1510.
10
What is the greatest common divisor of 663 and 51?
51
Calculate the highest common divisor of 46 and 184.
46
What is the highest common divisor of 9984 and 1024?
256
What is the greatest common divisor of 2047 and 69?
23
Calculate the highest common divisor of 2263 and 657.
73
Calculate the highest common factor of 16 and 9.
1
What is the greatest common factor of 168 and 483?
21
Calculate the highest common factor of 20 and 164.
4
What is the highest common divisor of 114 and 152?
38
Calculate the highest common factor of 64 and 224.
32
Calculate the highest common divisor of 4 and 6.
2
What is the greatest common factor of 448 and 10024?
56
What is the highest common divisor of 333 and 814?
37
Calculate the highest common divisor of 36 and 212.
4
Calculate the highest common factor of 206 and 68392.
206
Calculate the highest common divisor of 85 and 20.
5
Calculate the greatest common factor of 352 and 11.
11
Calculate the greatest common factor of 248 and 16.
8
What is the greatest common factor of 169 and 10309?
169
Calculate the highest common factor of 2209 and 47.
47
Calculate the highest common factor of 566 and 9.
1
Calculate the greatest common factor of 10464 and 64.
32
What is the greatest common divisor of 56 and 40?
8
Calculate the highest common factor of 18837 and 92.
23
Calculate the highest common divisor of 90 and 20.
10
Calculate the greatest common divisor of 1624 and 32.
8
What is the highest common divisor of 54 and 72?
18
Calculate the highest common factor of 1169 and 7.
7
What is the greatest common divisor of 44 and 297?
11
What is the highest common factor of 2204 and 76?
76
What is the greatest common divisor of 1505 and 35?
35
Calculate the highest common factor of 15 and 5.
5
Calculate the greatest common divisor of 70 and 770.
70
Calculate the highest common factor of 11 and 4037.
11
Calculate the greatest common divisor of 26 and 416.
26
What is the greatest common divisor of 407 and 111?
37
What is the highest common divisor of 897 and 207?
69
What is the greatest common divisor of 121 and 110?
11
Calculate the greatest common factor of 58 and 8.
2
What is the highest common factor of 6520 and 4238?
326
Calculate the highest common divisor of 270 and 30.
30
What is the greatest common factor of 138 and 82662?
138
Calculate the highest common divisor of 9 and 2655.
9
What is the highest common divisor of 88 and 128?
8
Calculate the greatest common divisor of 1387 and 3358.
73
Calculate the highest common divisor of 117 and 3419.
13
What is the highest common factor of 40 and 16?
8
What is the highest common divisor of 1204 and 56?
28
What is the highest common factor of 70 and 4190?
10
Calculate the greatest common factor of 59 and 24485.
59
Calculate the highest common divisor of 18 and 72.
18
Calculate the greatest common divisor of 24 and 1752.
24
What is the highest common factor of 94 and 3901?
47
What is the greatest common divisor of 451 and 66?
11
What is the highest common factor of 1475 and 25?
25
What is the highest common divisor of 1015 and 35?
35
What is the highest common divisor of 416 and 702?
26
Calculate the highest common divisor of 228 and 3000.
12
Calculate the greatest common divisor of 3500 and 25.
25
What is the greatest common factor of 621 and 7521?
69
Calculate the highest common divisor of 559 and 2.
1
What is the greatest common factor of 76 and 1976?
76
Calculate the greatest common divisor of 228 and 152.
76
What is the greatest common factor of 92 and 207?
23
Calculate the highest common factor of 3960 and 10.
10
Calculate the highest common factor of 4161 and 19.
19
Calculate the highest common factor of 146 and 219.
73
What is the greatest common factor of 450 and 40200?
150
What is the highest common factor of 47 and 799?
47
Calculate the highest common divisor of 88 and 2816.
88
Calculate the highest common factor of 19 and 19.
19
Calculate the highest common divisor of 2 and 26.
2
What is the greatest common factor of 24 and 354?
6
What is the highest common factor of 1333 and 93?
31
What is the highest common divisor of 559 and 172?
43
What is the greatest common factor of 19 and 19?
19
What is the highest common factor of 416 and 156?
52
What is the highest common factor of 81 and 7263?
27
Calculate the highest common factor of 454 and 1135.
227
Calculate the highest common divisor of 70 and 20.
10
Calculate the highest common divisor of 144 and 16.
16
What is the highest common divisor of 200 and 8225?
25
What is the highest common factor of 11 and 2167?
11
What is the highest common factor of 680 and 3230?
170
Calculate the highest common divisor of 159 and 81.
3
What is the highest common factor of 3232 and 707?
101
What is the highest common divisor of 30 and 250?
10
Calculate the greatest common divisor of 19694 and 86.
86
Calculate the highest common factor of 424 and 2173.
53
What is the greatest common divisor of 1612 and 9052?
124
Calculate the greatest common factor of 12 and 44.
4
What is the highest common divisor of 4141 and 101?
101
What is the greatest common factor of 470 and 30?
10
What is the greatest common divisor of 396 and 3113?
11
What is the highest common divisor of 214 and 9523?
107
What is the greatest common divisor of 93 and 868?
31
What is the highest common divisor of 126 and 63?
63
What is the highest common factor of 255 and 391?
17
What is the greatest common divisor of 5325 and 142?
71
Calculate the highest common divisor of 30 and 3670.
10
What is the greatest common factor of 3750 and 25?
25
What is the highest common factor of 29 and 40049?
29
What is the greatest common factor of 25 and 320?
5
What is the highest common factor of 48 and 408?
24
Calculate the highest common factor of 276 and 28.
4
What is the greatest common divisor of 276 and 192?
12
What is the highest common divisor of 10426 and 26?
26
Calculate the greatest common factor of 4888 and 416.
104
What is the highest common divisor of 69 and 115?
23
Calculate the greatest common divisor of 17 and 799.
17
Calculate the greatest common factor of 434 and 84.
14
What is the greatest common factor of 20 and 870?
10
What is the greatest common divisor of 56 and 1316?
28
What is the highest common factor of 84 and 448?
28
What is the greatest common divisor of 55 and 143?
11
What is the greatest common factor of 688 and 16?
16
What is the greatest common factor of 16 and 604?
4
Calculate the highest common divisor of 34 and 6.
2
What is the highest common divisor of 30 and 2055?
15
Calculate the highest common factor of 105 and 90.
15
What is the greatest common factor of 80 and 540?
20
Calculate the greatest common factor of 30 and 30.
30
Calculate the greatest common factor of 306 and 85.
17
What is the highest common divisor of 133 and 3439?
19
Calculate the greatest common factor of 15151 and 278.
139
What is the highest common divisor of 32 and 656?
16
What is the greatest common divisor of 65 and 1235?
65
What is the greatest common divisor of 46 and 656?
2
Calculate the highest common factor of 14 and 22.
2
What is the highest common factor of 55 and 44?
11
What is the greatest common divisor of 9 and 1035?
9
What is the highest common divisor of 161 and 5773?
23
Calculate the greatest common divisor of 949 and 292.
73
Calculate the highest common factor of 942 and 6.
6
What is the greatest common divisor of 1230 and 60?
30
What is the greatest common factor of 22 and 330?
22
Calculate the greatest common divisor of 18 and 6894.
18
Calculate the greatest common factor of 861 and 451.
41
What is the greatest common factor of 903 and 231?
21
Calculate the greatest common factor of 22 and 1177.
11
Calculate the greatest common divisor of 608 and 76.
76
Calculate the highest common factor of 19520 and 32.
32
What is the hig